e u = -d*u. Let n(v) = v**3 + v + 49. List the prime factors of n(u).
7
Let o be (-1)/3*(-626 + -43). Let r = o - -60. List the prime factors of r.
283
Suppose 0 = -139*l + 3052941 + 3958009 - 1932168. List the prime factors of l.
2, 18269
Let j be 396/36 - (1*-2 + 7). Suppose -u = 5*f - 750, 0 = -9*u + j*u + 3*f + 2178. What are the prime factors of u?
2, 5, 73
Suppose 46*f - 2993 = -437 + 6874. What are the prime factors of f?
5, 41
Let g be (8/(-10))/(((-42)/(-45))/7). Let o be (-4)/g*(-2727)/(-6). Suppose 5*q = -2*t + 204 + o, 3*t = 2*q - 218. What are the prime factors of q?
103
Suppose 1298 + 776 = 2*g. Suppose -7*c + g + 1210 = 0. What are the prime factors of c?
3, 107
Let o = -21353 - -30657. List the prime factors of o.
2, 1163
Let i = 101680 - 37478. What are the prime factors of i?
2, 47, 683
Let s be ((-639)/(-12))/(22/8 + -3). Let u = s - -421. List the prime factors of u - (4 - (-21)/(-3)).
211
Suppose 3*z - 2*m = -133, -2*z + m + 2*m = 92. Let s = 47 + z. Suppose c = -3*p + 80, 2*c - 6*p = -s*p + 184. List the prime factors of c.
89
Suppose 4*m - 68763 = r, -2*m + 45710 = 2*r + 11346. List the prime factors of m.
17189
Suppose 0 = q + 3*b + 6, -2*q + 12 = -3*b - 12. List the prime factors of 183 + (3 - q) - 6.
2, 3, 29
Let k(q) = -q**3 - 20*q**2 - 44*q + 2. Let s(o) = 2*o - 2. Let g(n) = -k(n) - 5*s(n). What are the prime factors of g(-16)?
2, 61
Let p be -135*(-68)/42 + 3/7. Suppose 0 = -4*w + 1213 + p. List the prime factors of w.
2, 179
Suppose -4*a - 18*a - a = -79741. List the prime factors of a.
3467
Let r(l) = -4*l - 18. Let z be r(-5). Let w(u) = -12*u**3 + 2*u**2 - 4*u - 1. Let b be w(z). Let f = b + 173. What are the prime factors of f?
2, 19
Suppose -4*v + 28 = 2*s, 2*v - v - s = 7. Suppose -6*r = -v*r - 94. Let u = r - -132. What are the prime factors of u?
2, 19
Suppose 5*h - 5*c - 37 = -2*c, 0 = 2*h - 5*c - 11. Suppose -h*k = -67 - 53. What are the prime factors of 5/(k/228) - 0?
2, 19
Let t(a) = -a**3 + 9*a**2 - 12*a + 27. Let m be t(8). Let l be 10/25 + (-538)/m. Suppose x - l = -x. List the prime factors of x.
2, 3
Let y be (145 + 9)/((-1)/(-2)). Let j be (-254)/(-7) - (-11)/(y/(-8)). Suppose r - j = 56. List the prime factors of r.
2, 23
Let l be ((-125)/150)/(2/12). Let x(v) = 22*v**2 - 22*v + 11. What are the prime factors of x(l)?
11, 61
Suppose 4*u + 311 = -x - 611, -2*x + 5*u = 1792. Let k = -812 - x. List the prime factors of k.
2, 47
What are the prime factors of (10291/4)/((-163)/(-652))?
41, 251
Let h(c) = 0*c**2 + 6*c**3 - 4*c**3 - 3*c**3 + c + 2 - 2*c**2. Let k be h(-2). Let q = 86 + k. What are the prime factors of q?
2, 43
Suppose -4*o = o - 5*d - 30, 4 = 2*o - 4*d. Suppose -14*z + o*z = -1792. What are the prime factors of z?
2, 7
Let l(c) = -3 - 57 + 20*c - 6 + 3*c. List the prime factors of l(22).
2, 5, 11
Suppose -6*z = -7*z - 91. Let b be (z/28)/(-13) + 1503/4. Let f = b - 145. What are the prime factors of f?
3, 7, 11
Suppose -8*q - 918 = 1514. Let h = q + 651. What are the prime factors of h?
347
Let l = 4406 + -4409. Let q be 831/2*(-6)/(-9). What are the prime factors of 0 + (l/1 - -7) + q?
281
Let u be -6*(-3)/(30/(-55)). Let n be ((-4)/6)/((u/(-18))/(-11)). Suppose 3*r = n*r - 108. What are the prime factors of r?
2, 3
Let m(u) = -69*u**2 - 10*u + 3. Let p(b) = -b**2 + b - 1. Let r(z) = -m(z) - 2*p(z). Let w be r(-5). Suppose -d - w = -7*d. List the prime factors of d.
17
Let g = -11518 - -14844. List the prime factors of g.
2, 1663
Suppose 0 = 2*x - 4*y - 30668, 15372 = 4*x + 3*y - 45964. Suppose -2224 + x = 10*o. What are the prime factors of o?
3, 19, 23
Suppose 0 = 35*m - 36*m - 14. What are the prime factors of (3 + m/3)/(15/(-2655))?
5, 59
Suppose -2*q + h + 2914 = 0, 2333 = 3*q + 5*h - 2012. Suppose 0*j = -3*i + j + 873, -q = -5*i - 2*j. What are the prime factors of i?
3, 97
Let u(p) = p**3 - 20*p**2 - 24*p + 65. Let q be u(21). List the prime factors of (15 - -341)/(2/8*q).
2, 89
Let t = -9 - -22. Suppose 5*z + 7 = -t. List the prime factors of 1/(z - (-276)/68).
17
What are the prime factors of 74204/6 - (16/12)/(-2)?
2, 773
Suppose 922*t + 921440 = 473*t + 475*t. What are the prime factors of t?
2, 5, 443
Let r be ((1 - -3)/12)/(1/246). Let q = -144 - -275. Let v = q - r. What are the prime factors of v?
7
Suppose 4*l = 433*m - 434*m + 16151, 0 = -5*l + m + 20200. What are the prime factors of l?
7, 577
Suppose -d + 16886 = -h, -2*h - 100061 = -5*d - 15622. What are the prime factors of d?
16889
Let k = 367 - 895. Suppose -4*c = 17*c + 7728. Let b = c - k. List the prime factors of b.
2, 5
Let d = -68 - -71. Let l(c) = -d*c + 2*c + 0*c - 3 + 7*c**2 - 2. What are the prime factors of l(-3)?
61
Let g(b) = -b**2 - b. Let h be g(-1). Suppose h*u + 3*u = 18. What are the prime factors of 2*244/16 - u/12?
2, 3, 5
Suppose -3*s = -4*l + 5, -6 = -l - 2*s + 9. Let o(q) = 2*q**2 + 8. List the prime factors of o(l).
2, 29
Suppose 668 = 5*j + 4*f, 5*j = j - 2*f + 538. Suppose -d - 2*w = -3*d + 156, 2*d + 2*w = j. List the prime factors of d.
73
Let o = -68 - -33. Let q be (-4)/(-4 + (-138)/o). Suppose 5*f - u + 42 - 127 = 0, -4*u - q = -5*f. List the prime factors of f.
2, 3
Let n(u) = 322*u - 993. List the prime factors of n(12).
3, 11, 29
Let s be ((-160)/25 - -6)*325. List the prime factors of (-240)/(-9)*(-1092)/s.
2, 7
Let g(x) = x**3 + 11*x**2 + 16*x + 64. Let k be g(-10). Suppose -186 = -k*h + 266. List the prime factors of h.
113
Suppose 513 = 3*u + 3*c, 175 = -5*u - 4*c + 1027. Suppose -17*j = -19*j, -l + u = j. List the prime factors of l.
2, 3, 7
Let t be 540/45*1/(-4)*2. List the prime factors of (4/t)/(2/15) + 290.
3, 5, 19
Suppose -6086 = -4*d + 2*a, -2*d + 3058 = -5*a + 7*a. What are the prime factors of d?
2, 3, 127
Suppose 0 = 6*z - 11*z. Suppose -x + 39 = -3*j, z = -5*j - 7 + 2. Let f = 38 - x. What are the prime factors of f?
2
Let a = -41 - -21. List the prime factors of -1*(10352/a)/(6/15).
2, 647
Suppose -2*u = 5*o + 426, 3*u - 5*o = -424 - 165. Let z = 104 + u. Let w = 304 + z. What are the prime factors of w?
5, 41
Let x(f) = 3*f**3 - 58*f**2 + 165*f + 43. What are the prime factors of x(18)?
17, 101
Suppose 8*i - 13*i = -16780. Let y = i - 1843. List the prime factors of y.
17, 89
Suppose z = 8*l - 3*l + 6, -3*z - 16 = 2*l. Let u be 10 + (-4 + 1 - l)*-2. Suppose -5*v = -18 - u. List the prime factors of v.
2, 3
Let h(d) be the second derivative of -3*d**5/10 + d**4/6 + d**3/3 - d**2/2 - 15*d. Let a be h(-2). Let q = a + 35. What are the prime factors of q?
2, 43
Suppose 0*s + 4*b + 36 = -4*s, -2*s + 5*b = 25. Let m = s - -24. Suppose -m*h = -3727 + 1319. What are the prime factors of h?
2, 43
Suppose 2*x + 320131 = 5*t, -24*t - 320139 = -29*t + 3*x. What are the prime factors of t?
3, 21341
Let c(a) = -34*a**3 + 83*a**2 + 3*a + 5. What are the prime factors of c(-9)?
23, 37
What are the prime factors of ((-39)/(-273))/((-2)/(-75782))?
5413
Let v = 2635 - 1019. Suppose -197 = -7*s + v. What are the prime factors of s?
7, 37
Let v be (-25 - -29)/(2 + -1). Suppose -3*n = v*x - 3708, -11*x + 6*x - n = -4624. List the prime factors of x.
2, 3, 7, 11
Suppose 0 = -2*v - 8, 3*v - 132 = 3*a - 1512. What are the prime factors of a?
2, 3, 19
Let g(z) = z**2 + z + 13. Suppose -u + 40 = -3*w, 2*w + u = -3*u - 50. Let t be 5/10*(-1 - w). List the prime factors of g(t).
3, 23
Suppose -l + 48 = 4*l - 2*o, 3*l = 5*o + 44. Let s = 20 - l. Suppose 0 = -11*z + s*z - 75. List the prime factors of z.
3, 5
Let m be (15/30)/(2/2052). Suppose -6400 = -7*x - m. List the prime factors of x.
29
Suppose 0 = 994*m - 985*m - 22059. List the prime factors of m.
3, 19, 43
Suppose 15*m = 11*m + 8. Suppose n - m*n = 30. List the prime factors of (12/(-5))/(2/n).
2, 3
Let a = -54910 - -90639. What are the prime factors of a?
35729
Suppose 5*s - s = s + s. Suppose 3*d - 396 = -2*n, -5*n + 4*d + 792 = -n. Suppose 11*h - 10*h - n = s. What are the prime factors of h?
2, 3, 11
Let v = 210 + -206. Let g(s) = -s**3 - 7*s**2 - s - 3. Let r be g(-7). Suppose 0 = w - v*a - 6 - r, a + 70 = 4*w. List the prime factors of w.
2, 3
Suppose t + 55 = 4*h - 2*h, 4*h + 2*t - 122 = 0. Suppose -h*z + 26180 = -8591. What are the prime factors of z?
11, 109
What are the prime factors of -3*96/72 - (-1 - 17243)?
2, 5